 15085637 is divided by 133.
112
Calculate the remainder when 11059 is divided by 80.
19
What is the remainder when 84644600 is divided by 394?
4
What is the remainder when 52786 is divided by 24859?
3068
What is the remainder when 152229 is divided by 13774?
715
Calculate the remainder when 1621372 is divided by 3198.
3184
What is the remainder when 65320727 is divided by 59?
57
What is the remainder when 12030 is divided by 224?
158
Calculate the remainder when 2469665 is divided by 129981.
26
Calculate the remainder when 170148 is divided by 13086.
30
Calculate the remainder when 100068 is divided by 14270.
178
What is the remainder when 9227209 is divided by 2306784?
73
What is the remainder when 37895341 is divided by 165?
121
What is the remainder when 31401687 is divided by 667?
661
What is the remainder when 804437 is divided by 133964?
653
Calculate the remainder when 472713 is divided by 21486.
21
What is the remainder when 23732 is divided by 1405?
1252
What is the remainder when 5834965 is divided by 97249?
25
Calculate the remainder when 805674 is divided by 50353.
26
Calculate the remainder when 46407819 is divided by 12.
3
What is the remainder when 122460 is divided by 16760?
5140
What is the remainder when 782303 is divided by 8?
7
What is the remainder when 1303188 is divided by 2400?
2388
Calculate the remainder when 10654 is divided by 10330.
324
Calculate the remainder when 105256756 is divided by 214.
0
What is the remainder when 114410334 is divided by 28602580?
14
What is the remainder when 68470 is divided by 68333?
137
What is the remainder when 83025 is divided by 596?
181
Calculate the remainder when 31822205 is divided by 31822151.
54
Calculate the remainder when 8106775 is divided by 66.
61
Calculate the remainder when 674587 is divided by 224.
123
Calculate the remainder when 5272523 is divided by 1318089.
167
Calculate the remainder when 384522 is divided by 27339.
1776
What is the remainder when 58637 is divided by 5825?
387
Calculate the remainder when 689588 is divided by 229860.
8
Calculate the remainder when 415676 is divided by 23041.
938
What is the remainder when 18493 is divided by 6038?
379
Calculate the remainder when 1353975 is divided by 1353926.
49
Calculate the remainder when 676985 is divided by 4367.
100
Calculate the remainder when 56783 is divided by 290.
233
What is the remainder when 1190595 is divided by 4207?
14
Calculate the remainder when 30669 is divided by 10020.
609
What is the remainder when 154785 is divided by 397?
352
Calculate the remainder when 1121328 is divided by 575.
78
Calculate the remainder when 103505 is divided by 136.
9
Calculate the remainder when 293160 is divided by 3806.
98
Calculate the remainder when 7011089 is divided by 183.
176
Calculate the remainder when 7149664 is divided by 3574831.
2
Calculate the remainder when 107127 is divided by 8700.
2727
Calculate the remainder when 36273075 is divided by 1871.
1869
What is the remainder when 119955132 is divided by 224?
220
Calculate the remainder when 97710 is divided by 466.
316
Calculate the remainder when 196043 is divided by 17820.
23
What is the remainder when 101753 is divided by 3501?
224
What is the remainder when 229295405 is divided by 1522?
17
Calculate the remainder when 39080 is divided by 19307.
466
What is the remainder when 4412243 is divided by 19436?
271
Calculate the remainder when 29274473 is divided by 417.
239
What is the remainder when 1090041 is divided by 363257?
270
Calculate the remainder when 1718149 is divided by 2942.
21
Calculate the remainder when 32626790 is divided by 10875590.
20
What is the remainder when 40369418 is divided by 4?
2
What is the remainder when 90721009 is divided by 3429?
3385
What is the remainder when 3802175 is divided by 421?
124
Calculate the remainder when 119620 is divided by 59772.
76
What is the remainder when 33962 is divided by 8476?
58
What is the remainder when 40614526 is divided by 6349?
6322
What is the remainder when 10109573 is divided by 228?
53
What is the remainder when 30214 is divided by 7446?
430
Calculate the remainder when 24635645 is divided by 64.
61
What is the remainder when 104568 is divided by 14798?
982
What is the remainder when 440448 is divided by 25684?
3820
What is the remainder when 1020653 is divided by 145807?
4
Calculate the remainder when 101567 is divided by 2242.
677
What is the remainder when 10571717 is divided by 567?
2
Calculate the remainder when 16059 is divided by 1007.
954
Calculate the remainder when 123941447 is divided by 50.
47
Calculate the remainder when 1910029924 is divided by 9437.
9435
What is the remainder when 1140020 is divided by 2271?
2249
Calculate the remainder when 2089899 is divided by 348315.
9
Calculate the remainder when 48806 is divided by 4433.
43
Calculate the remainder when 241526 is divided by 34.
24
Calculate the remainder when 2460960 is divided by 2588.
2360
What is the remainder when 4166878 is divided by 26?
14
Calculate the remainder when 3145997 is divided by 572.
569
Calculate the remainder when 181693 is divided by 29750.
3193
Calculate the remainder when 44143 is divided by 2728.
495
Calculate the remainder when 1295306 is divided by 6052.
178
Calculate the remainder when 1016834 is divided by 4402.
4374
Calculate the remainder when 1836704 is divided by 487.
227
What is the remainder when 361555 is divided by 1494?
7
Calculate the remainder when 21059840 is divided by 918.
2
Calculate the remainder when 30814 is divided by 15376.
62
Calculate the remainder when 180520 is divided by 89228.
2064
What is the remainder when 76858618 is divided by 49?
11
Calculate the remainder when 702823 is divided by 3532.
3487
Calculate the remainder when 130251285 is divided by 11.
10
What is the remainder when 1235446 is divided by 1327?
9
Calculate the remainder when 1314294 is divided by 109497.
330
What is the remainder when 140215 is divided by 4283?
3159
What is the remainder when 423035 is divided by 1159?
0
Calculate the remainder when 1612605 is divided by 6807.
6153
What is the remainder when 363843 is divided by 51956?
151
Calculate the remainder when 19039 is divided by 5806.
1621
What is the remainder when 3429213749 is divided by 90?
89
What is the remainder when 9283762 is divided by 6636?
6634
What is the remainder when 2608367 is divided by 827?
9
What is the remainder when 2100448 is divided by 52?
12
What is the remainder when 416158 is divided by 138689?
91
What is the remainder when 383447 is divided by 5326?
5301
What is the remainder when 184977 is divided by 54?
27
Calculate the remainder when 929152 is divided by 1461.
1417
Calculate the remainder when 589401170 is divided by 172.
170
What is the remainder when 1490330 is divided by 6396?
62
Calculate the remainder when 3862647 is divided by 1931319.
9
Calculate the remainder when 643276 is divided by 3828.
172
Calculate the remainder when 521958 is divided by 2.
0
Calculate the remainder when 538215 is divided by 547.
514
Calculate the remainder when 132091173 is divided by 1148.
1145
What is the remainder when 303338 is divided by 34?
24
Calculate the remainder when 3460651 is divided by 13.
12
Calculate the remainder when 74410943 is divided by 24803646.
5
Calculate the remainder when 129909 is divided by 58.
47
Calculate the remainder when 4655507 is divided by 119370.
77
Calculate the remainder when 2172863 is divided by 76.
23
What is the remainder when 1319011 is divided by 190?
31
Calculate the remainder when 3491545 is divided by 698147.
810
What is the remainder when 3674631 is divided by 782?
13
What is the remainder when 29482730 is divided by 91?
4
What is the remainder when 47298096 is divided by 4133?
44
What is the remainder when 234680 is divided by 1057?
26
Calculate the remainder when 2986714 is divided by 746675.
14
Calculate the remainder when 18093 is divided by 617.
200
What is the remainder when 430447025 is divided by 11?
8
Calculate the remainder when 6754101 is divided by 228.
57
Calculate the remainder when 95209534 is divided by 2615.
2614
Calculate the remainder when 15817256 is divided by 7908588.
80
What is the remainder when 13306 is divided by 13192?
114
What is the remainder w